False
Suppose -2*k + 4*j = -792, 3*k - 5*j - 985 - 204 = 0. Suppose 11*h + 9 - 53 = 0. Suppose -2*s + 800 + k = h*q, -3*s = 2*q - 1797. Is s a composite number?
False
Let w = 50 - 10. Suppose 9*k = 4*k - w. Let h = 1895 - k. Is h prime?
False
Suppose n - 4*n = -3*w - 9, 4*n - 20 = 0. Suppose 0 = w*g - 1230 - 544. Is g composite?
False
Suppose -5*q + 58569 - 14434 = 0. Let k = 19544 - q. Is k composite?
True
Let o be 8/14 + ((-48)/(-14) - 4). Suppose o = 2*d + 3327 - 11465. Is d a prime number?
False
Is 7 + 2 + -11 - (-4 + -109*8093) prime?
True
Let j be 66/4*(10 - 11)*-278. Suppose 0 = 5*w - 4*y - j, -12*y + 14*y - 4 = 0. Is w prime?
True
Suppose 5*x - 307 = -c - 3*c, x - 155 = -2*c. Let h = 74 - c. Is -115*(-2)/h*14/(-7) a prime number?
False
Suppose -5*a + 432846 + 504867 = 62138. Is a composite?
True
Let t(q) = -q**2 + 10*q + 7. Let y(o) = 2*o**2 - 19*o - 13. Let s(v) = -5*t(v) - 3*y(v). Let a be s(7). Is (0 - -323) + a - -4 a prime number?
True
Let m = -59 - -45. Let h be -5 + 23026/(-7) + 8/m. Let r = h - -6138. Is r prime?
True
Is (6/4*279154)/(((-324)/(-27))/4) composite?
True
Suppose -571639 = -27*u + 2005106. Is u a composite number?
True
Let k be ((-3)/3)/(0 - 3/198). Let c = k - 72. Is (-7432)/(-8)*(-3)/c*2 prime?
True
Suppose -2*f + 23 = -v + 13, -2*f + 10 = 5*v. Suppose v = 3*l - 9, 3*a + l = a + 22037. Is a composite?
True
Let f = -67426 - -155219. Is f prime?
True
Suppose 7*w - 42 = -28. Suppose 2 = -7*r + w. Is -1*(-2 + 3)*(-853 + r) a prime number?
True
Let y = 212 + -111. Let s = y + -99. Is (10/s - 2) + (24 - -3922) a prime number?
False
Suppose -4*s = 5*r - 49, s + 2*r = 7 + 9. Let k be (254/(-4))/(s/(-240)). Suppose -5*d + 9*d = k. Is d prime?
False
Is (2/(-2) - (-3)/9)/((-172)/81017418) composite?
False
Suppose 0 = p - 2, -3*j + 2*j = 4*p + 106. Let c = -79 - j. Is -2*-1*c + -3 a composite number?
False
Let f be 7332/9 + 13/39 + -4. Suppose -5*q = i + 685 + 1311, -2*i = 5*q + 1992. Let y = f - q. Is y a composite number?
True
Let c = 257478 - -70325. Is c prime?
False
Suppose 5*b = 3*b + 2*m - 9822, 4*m + 19620 = -4*b. Let n be (3/9)/((-1)/b). Suppose 0 = 6*v + 370 - n. Is v composite?
False
Let k(a) = -a**2 + 7*a - 7. Let h be k(3). Suppose 0 = -2*p + 6*p + 5*r - h, 3*r + 9 = 0. Suppose 4*d = p*m + 3158, 3*d + 5*m - m - 2353 = 0. Is d prime?
True
Suppose -2807409 - 1198326 = -15*r. Is r a composite number?
False
Suppose 4*o = -2*s + 2308, 0 = s + s - 2*o - 2314. Suppose 4*b - 1201 = -3*g, 4*g = 5*b + 1981 - 359. Let m = s - g. Is m prime?
False
Suppose -2*d = -2*m - 105286, 6*m - 157913 = -3*d + 5*m. Is d a composite number?
False
Let q = 235 + -152. Suppose -125 = -4*k + q. Suppose -k + 223 = t - 2*p, -5*p - 346 = -2*t. Is t a composite number?
False
Is (-10)/25 + 23691576/40 + -6 a prime number?
False
Let s(l) = -456*l + 106. Let h be s(-32). Is (-75)/100*4/(-6)*h a prime number?
True
Let o be (-4)/(-36) - (-105)/27. Suppose -4*s + s + 13699 = -o*k, 0 = -2*k - 8. Is s a composite number?
False
Let q(c) = 89*c + 25. Let h be q(-18). Let g = 1302 - h. Is g composite?
False
Let b(v) = -v**3 + v**2 - 163. Let g(t) = t**3 - t**2 + 163. Let p = 27 - 24. Let f(u) = p*b(u) + 4*g(u). Is f(0) composite?
False
Let k = -1877 + 24. Let u = 1782 - k. Is u composite?
True
Let y be -5*(-4 + (-110)/(-25)). Is (y/((-2)/(-19949)))/(-34 - -33) prime?
True
Let r(j) = -j**3 + 4*j**2 - 4. Let a be r(4). Let t(d) = -16*d**3 + 3*d + 2. Let m(h) = 48*h**3 + h**2 - 9*h - 7. Let w(g) = 3*m(g) + 10*t(g). Is w(a) prime?
False
Let i = -49 + 51. Suppose 5*a = i*f - 126, 4*f + 2*a = -0*a + 228. Is f a prime number?
False
Let k = -45839 - -128748. Is k composite?
True
Let d be 4 - 9/((-3)/(-1)). Let v be ((-7)/(-21))/(d/366). Suppose q - v = -4*n + 3*q, -3*n + 3*q + 84 = 0. Is n composite?
True
Let p(d) be the first derivative of -48*d + 3 + 2 + 2*d**2 + 97*d - 30*d. Is p(6) a composite number?
False
Let f(s) = 3014*s**2 - 40*s + 7. Is f(5) composite?
True
Let o(s) = 8*s + 15*s - s**3 + 10*s - 11 - 7*s**2 - 48*s. Let g be o(-15). Let q = -323 + g. Is q prime?
False
Suppose 5*j - 3*y - 31 = 0, -6*j - 5*y - 15 = -7*j. Suppose 0 = t - 3 - j. Suppose t*b - 1115 = 7*b. Is b a prime number?
False
Let y = 1067714 + -736871. Is y composite?
True
Let v(u) = 43*u - 469. Let a be v(11). Let b = -21 - -15. Is (a + -2)/(b/(-2661)) a composite number?
False
Suppose -3*k - 557624 + 854869 = -757762. Is k composite?
True
Suppose -2*o + 6*o - 20884 = -2*h, 0 = 5*h + 4*o - 52234. Suppose -h = -4*t - 438. Is t a composite number?
False
Let z = 123748 + 71469. Is z prime?
False
Suppose 0 = -13*l - 56 + 784. Is (51044/l)/((-2)/(-4)) a composite number?
False
Let o be (11152/(-20))/(2/(-20)). Let s = -2119 + o. Is s composite?
False
Let n be 8 + 1378953/99 - (-4)/22. Suppose 15*h = 4*h + n. Is h a composite number?
True
Is -18346*(-182)/(-112)*4/(-1) a composite number?
True
Let m = -733989 - -1306532. Is m a prime number?
False
Let t(w) = w**3 - 4*w**2 + 4*w + 2. Let h be t(2). Suppose d + h*u = -4*d, -2*d + 4*u = 0. Suppose -5*s - 592 + 2847 = d. Is s composite?
True
Let d(s) = 3*s**2 + 6*s + 13. Let g(b) = 2*b**2 + 7*b + 12. Let x(r) = -4*d(r) + 5*g(r). Let m(u) be the first derivative of x(u). Is m(-5) a composite number?
False
Suppose -9*q + 3606 = -3*q. Let z = 117 + q. Is z a composite number?
True
Let x be ((-4)/(-20))/(2/70) + -4. Suppose x*k = 3*s - 99, -s + 5*k + 130 = 3*s. Is s prime?
False
Let m(k) = -453*k - 707. Is m(-58) prime?
False
Let c be 1/(3/(-10)*20/24). Is (-4 + 2)*5623*c/8 prime?
True
Suppose 6*v - 633981 = -37*v - 8*v. Is v composite?
True
Let y(z) be the second derivative of -z**3/6 + 10*z**2 + 16*z. Let j be y(20). Suppose j = -x + 2*x - 677. Is x a composite number?
False
Let c(y) = 9*y**3 + 4*y - 6. Let b be c(2). Let v = -68 + b. Suppose -v*u + 3420 + 7962 = 0. Is u prime?
False
Let m(g) = 12*g - 1. Suppose 0 = 4*u - 3*p - 32, u = -0*u - 3*p - 7. Suppose -w - u*q - 13 = 0, -3*w - 4*q = w + 4. Is m(w) a prime number?
True
Let u(v) = 1090*v**2 - 65*v + 83. Is u(-12) prime?
True
Let b = 15118 - 7742. Let n = -72 - -77. Suppose d = -5*i + 1492, -5*d = 2*i - n*i - b. Is d composite?
True
Suppose 28823037 = -3*y - 2*y + 116*y. Is y a prime number?
True
Suppose -9 + 1 = 2*s. Let l be 7/((-28)/(-48)) - s. Suppose -l*m = -14*m - 1346. Is m a prime number?
True
Let f(r) = -674*r**2 - r + 2. Let g(m) = m**2 - m. Suppose -2 = -4*z + 6*z. Let h(b) = z*f(b) + g(b). Is h(1) a prime number?
True
Suppose 363*s - 1527280 + 191318 = 329*s. Is s composite?
False
Let r = 3395 + -3833. Suppose -5*b + 2*w + 4199 = 0, -3*w - 1674 = -2*b - 5*w. Let z = r + b. Is z prime?
True
Let h(x) = -10*x**3 - 12*x**2 + 12*x - 111. Is h(-16) a composite number?
True
Let o be (-297)/63 - (-3)/((-63)/6). Let f be (-1 + -2 - o)*-1 + 6. Let a(c) = 20*c**3 + 8*c**2 - 3*c - 3. Is a(f) prime?
False
Let z = -19 + 7. Let f(g) = -52*g + 153 + 8*g - 206 - 65*g. Is f(z) a composite number?
True
Let b(c) = -2*c**3 + 3*c**2 - 4*c + 2. Let k be b(1). Is -4*(k - 183*235/20) a prime number?
False
Suppose -4*f + 274551 + 77391 = 2*d, 4*f + 4*d - 351952 = 0. Is f composite?
True
Is 2 - (-13)/52*185596 composite?
True
Let o = -8 - 31. Let p be (1 + o/45)*6*7090. Let q = p - 3825. Is q a composite number?
False
Suppose -z - 5*g = -51734 - 54089, 3*g = -4*z + 423190. Is z composite?
True
Suppose 36*m - 34*m = 14. Suppose -11 + m = -h. Suppose -h*b + 0*f + 468 = -4*f, 5*b + 4*f = 567. Is b prime?
False
Suppose 0 = 372*j - 390*j + 1220922. Is j composite?
False
Suppose 0 = 3*w - 2*v - 1229149, -w - 3*w + 3*v + 1638868 = 0. Is w a composite number?
False
Is (1577/(-76) - -20)*(-902648)/6 a prime number?
True
Let r(b) = 2*b**2 - 38*b - 33. Suppose -6*s + 5*s = -4*x + 30, 0 = -4*x + 3*s + 26. Suppose -x*f - 110 - 18 = 0. Is r(f) a composite number?
False
Suppose 633896 = 3*y + 5*j, 87315 + 546583 = 3*y + 7*j. Is y a composite number?
False
Let m(c) = -c**3 - 8*c**2 - 17*c. Let o be m(-4). Suppose 0 = -y + 4 - 1. Suppose y*r - o*r = -149. Is r composite?
False
Suppose 2*p = -v - 2, -p = 11*v - 13*v + 6. Suppose -4*t + 382 = -v*t. Is t a prime number?
True
Let s be 3*-1*11/3 + 3. Let r(w) = -2*w**3 - 7*w**2 + 6*w - 3. Let u be r(s). Let q = -144 + u. Is q a prime number?
False
Let v = 60 - 52. Let x(k) =